*y + 8. Let j be c(5). Let h be 4/6 - 7/(-3). What is the remainder when 31 is divided by 12*j/(h/1)?
7
Let s(w) = -19*w**3 - 10*w**2 - 23*w. Let q = -57 + 98. What is the remainder when s(-2) is divided by q?
35
Calculate the remainder when (124/6)/(21/(-28)*(-16)/504) is divided by 127.
106
Let n(i) = 12*i - 231. Suppose -o + 5*s = -4*o + 63, -2*o = 2*s - 42. What is the remainder when 39 is divided by n(o)?
18
Suppose 4*h - 95 = -h. Let o = 104 + -121. Let n(b) = b**2 + 15*b + 40. What is the remainder when n(o) is divided by h?
17
Let c = -104 - -104. Suppose c = 133*q - 131*q - 276. Let m(k) = -k**2 - 11*k - 4. What is the remainder when q is divided by m(-8)?
18
Let t = -227 - -245. Let z = -68 + 142. Suppose -3*i + 41 + z = 5*b, 0 = 5*b + 2*i - 120. Calculate the remainder when b is divided by t.
8
Let w be (-277)/(-5)*(15 - 100/10). Suppose -7*k = 18 - w. Calculate the remainder when 184 is divided by k.
36
Suppose -76 - 123 + 39 = -4*u. Calculate the remainder when 100 is divided by u.
20
Suppose 15*o + 20*o - 33*o - 72 = 0. Calculate the remainder when 474 is divided by o.
6
Let n(s) = -2*s**2 + 12*s - 6. Let v be n(6). Calculate the remainder when 15 is divided by (-15)/(-2)*(140/21 + v).
0
Suppose 14*k = 36 + 482. Suppose -c + 2 = -5*m, -k = -2*c - 3*m + 2*m. Calculate the remainder when c is divided by 3.
2
Suppose 2*p = 5*d + 103 - 135, 5*d + p = 44. Calculate the remainder when 351 is divided by d.
7
Let w = -92 - -105. Suppose 6*g = 38 + 346. Calculate the remainder when g is divided by w.
12
Let z = -823 + 826. Suppose 2*i - 94 = -z*c, 5*c - 81 = -4*i + 79. What is the remainder when 64 is divided by c?
8
Suppose 29*v - 30*v - 5*c + 1604 = 0, 3253 = 2*v + c. What is the remainder when v is divided by 96?
93
Suppose -2*d = -t - 66, d = 4*d + 3*t - 90. Let z(b) = b + 90. Let o be z(29). Suppose 10*a + o = 17*a. Calculate the remainder when d is divided by a.
15
Let o = -369 - -440. Suppose -5*s + o = -6*v + 3*v, -50 = -4*s - v. Calculate the remainder when 69 is divided by s.
4
Let y be ((-5)/2)/(4/(-56)). Let v = -14 + y. Suppose 4*j - 3*m - 36 = m, -2*j + 15 = -3*m. What is the remainder when v is divided by j?
9
Let t be 2 + (2/2 - 0). Suppose -56 = -t*i + 19. Suppose 2*z - 592 = -10*x - 180, -93 = -3*x - 4*z. Calculate the remainder when x is divided by i.
18
Let a = -5523 + 5625. Calculate the remainder when 403 is divided by a.
97
Suppose 280 - 260 = 5*k. Suppose -7*d + 3*d - 327 = -3*s, k*s + 136 = -2*d. Let u = d - -91. Calculate the remainder when u is divided by 10.
3
Let a = -24 + 44. Let t be (-742)/8 - -1*15/a. Calculate the remainder when 67 is divided by 106/6 - (t/(-12) - 7).
16
Let f(z) = -z**2 + 10*z - 16. Let d be 3/(-15) + (-32)/(-10). What is the remainder when (3 - 21/d) + 35 is divided by f(6)?
7
Suppose r + 66 = -6. Let i(k) = -k**3 + 17*k**2 - 66*k - 24. Let o be i(12). Let t = r - o. What is the remainder when 93 is divided by t?
21
Let b(h) = -24*h**2 - 503*h + 38. What is the remainder when 525 is divided by b(-21)?
15
Let h(p) = -3*p + 30. Let o be h(9). Suppose o*g = -5*n + 591, 5*n = -g + 5*g + 577. Calculate the remainder when n is divided by 61.
56
Suppose -29 = 4*j - 5*n - 238, 0 = -2*j - 3*n + 121. Calculate the remainder when 142 is divided by j.
30
Suppose 122 = 5*l - 4*y, l + 11 - 35 = y. Suppose 2*z = -13*z + 3870. Calculate the remainder when z is divided by l.
24
Suppose -12*f - 3*f = -1965. Let t = -76 + f. What is the remainder when t is divided by 28?
27
Suppose 0 = 2*b - 4*b + d + 184, -4*d = -3*b + 276. Suppose 0 = -4*r + 48 + b. Calculate the remainder when -99*((-56)/(-12))/(-7) is divided by r.
31
Suppose 3*y - n - 633 = 0, 2*y - 18*n = -21*n + 433. Suppose -6*o - y = -3*l - 11*o, -l + 5*o + 44 = 0. What is the remainder when l is divided by 19?
7
Let k be -38*(63/9)/(-14). Suppose 9 = -2*w + k. Calculate the remainder when w is divided by 1.
0
Let r = 16311 - 16106. Calculate the remainder when 2247 is divided by r.
197
Let g be (-770)/(-132) + (-2)/(-12) + 0. Suppose 4*k + 260 = 5*x, -208 = -4*x + g*k - k. Calculate the remainder when x is divided by 21.
10
Let t(r) = 219*r**3 + r**2 + 2*r - 16. Let j(b) = b**3 - b + 2. Let g(p) = -6*j(p) - t(p). What is the remainder when g(-1) is divided by 15?
14
Suppose -79*a + 180758 - 15411 = 0. Calculate the remainder when a is divided by 9.
5
Let x be ((-222)/74)/((-3)/34). Suppose 2*q = -5*f + 6*q + x, 0 = -4*f - q + 23. Suppose 0*g - g + 8 = 0. What is the remainder when g is divided by f?
2
Suppose 25*q - 26*q = 10. Calculate the remainder when (-3)/((-15)/776) - (-2)/q is divided by 53.
49
Suppose 0 = -5*n + 10*n - 75. Let b(j) = j**3 - 25*j**2 - 62*j + 1624. Calculate the remainder when b(25) is divided by n.
14
Let b = -1052 - -616. What is the remainder when 5/70*-4 + b/(-7) is divided by 28?
6
Suppose 32*s + 42*s = -86*s + 65280. What is the remainder when s is divided by 16?
8
Let u = 3 + 18. Let z(o) = -o**3 - 5*o**2 - 6*o + 7. Let d be z(-5). Suppose d = 3*x - f, -3*f - 3 = -0*f. Calculate the remainder when u is divided by x.
9
Let f(j) = -2 + 2 + 20 - j**2 + j. Let r(z) = z**2 - 2*z + 5. What is the remainder when f(0) is divided by r(0)?
0
Calculate the remainder when 126 is divided by 85 - (-5 - -6 - -7).
49
Let i = -167 - -545. Suppose 32*u - 35*u = -i. Calculate the remainder when u is divided by 3.
0
What is the remainder when 126 is divided by 28/((-55)/22 - -3)?
14
Let c be (66/(-1))/(0 + 3/(-2)). Suppose 3*u = 16 + c. Calculate the remainder when 41 - 2 - u/5 is divided by 8.
3
Let t(g) = 8*g**2. Let h be t(1). Let n be 1*0*4/h. Suppose -7*v = 4*f - 3*v - 384, n = -3*f - 5*v + 296. Calculate the remainder when f is divided by 19.
16
Let x(l) = -6*l**3 - 34*l**2 + 9*l - 16. Calculate the remainder when x(-8) is divided by 9.
7
Suppose -170*f + 3117 = -4023. What is the remainder when 408 is divided by f?
30
Let i(u) = -5*u**2 - 301*u + 3565. Calculate the remainder when i(0) is divided by 28.
9
Suppose 23*w = w - 11792. Let r = -342 - w. Calculate the remainder when r is divided by 66.
62
Suppose -4*p - 84 = 3*p. Let y(r) = -r**2 - 20*r - 39. What is the remainder when y(p) is divided by 30?
27
Suppose b + 11 = 4*r + 53, 3*b - 143 = -5*r. Calculate the remainder when 249 is divided by b.
19
Let b = 641 - 605. Calculate the remainder when 857 is divided by b.
29
Calculate the remainder when 1397 is divided by (63/(-18))/((-12)/96).
25
Suppose 0 = -f + 123 - 232 + 192. What is the remainder when f is divided by 5?
3
Let a(b) be the second derivative of -b**5/20 - b**4/4 + 2*b**3/3 + 11*b**2 - 6*b + 4. What is the remainder when 63 is divided by a(-4)?
19
Let u(s) = 21*s + 151. Let o(x) = 24*x + 149. Let n(y) = -6*o(y) + 7*u(y). What is the remainder when 136 is divided by n(-31)?
66
Let p(f) = -f**2 - 720*f + 4366. Suppose -4*c - 3*q + 236 = -q, -2*c + 102 = -3*q. What is the remainder when c is divided by p(6)?
7
Suppose 0 = 22*f - 19*f + 4*c - 115, -225 = -4*f + 9*c. What is the remainder when 1770 is divided by f?
15
Suppose 2*w - w = -2*t + 57, 4*w = 2*t + 178. Suppose 0 = 2*j + 15 - w. Calculate the remainder when 94 is divided by j.
14
Suppose -5*t - 2*j = -599, -t + 52*j = 48*j - 111. Calculate the remainder when 494 is divided by t.
18
Suppose 0 = 11*v + 6326 + 208. Let p = v + 616. Calculate the remainder when 128 is divided by p.
18
Let h = -1456 - -1496. What is the remainder when 790 is divided by h?
30
Suppose 4*d = -25*d + 58. Suppose 3*z + 151 = 7*z + 3*j, -114 = -3*z - d*j. What is the remainder when z is divided by 11?
7
Let d(k) = 10*k**3 + k - 5. Let n(h) = -h**3 + 1. Let f(y) = 2*d(y) + 6*n(y). What is the remainder when f(2) is divided by 19?
17
Suppose 0 = -5*b - 20, 2*b = 1269*s - 1271*s + 306. Calculate the remainder when s is divided by 86.
71
Let c be (-172)/(-6) + 76/(-114). Suppose -19*y = c*y - 4324. What is the remainder when 274 is divided by y?
90
Let f = -205 - -344. Suppose 5*c = 3*h + 734, 0*h = c + 2*h - f. Suppose 21*s - c = 16*s. What is the remainder when s is divided by 8?
5
Let z(q) = 2*q**2 + 2*q + 2. Let p be ((-2)/4)/((0 - -2)/4). Let n be z(p). What is the remainder when 38 is divided by 15*4/12 - n - -17?
18
Let c = 4755 + -4682. What is the remainder when 304 is divide